prime factors of 752.
2, 47
List the prime factors of 8922.
2, 3, 1487
List the prime factors of 315.
3, 5, 7
List the prime factors of 114858.
2, 3, 709
What are the prime factors of 33?
3, 11
List the prime factors of 727.
727
List the prime factors of 701.
701
What are the prime factors of 37227?
3, 12409
What are the prime factors of 17?
17
List the prime factors of 2257.
37, 61
What are the prime factors of 357?
3, 7, 17
What are the prime factors of 7823?
7823
What are the prime factors of 1513?
17, 89
What are the prime factors of 90148?
2, 31, 727
What are the prime factors of 1356?
2, 3, 113
List the prime factors of 21793.
19, 31, 37
List the prime factors of 1325.
5, 53
List the prime factors of 6068.
2, 37, 41
What are the prime factors of 2859?
3, 953
What are the prime factors of 31096?
2, 13, 23
List the prime factors of 14652.
2, 3, 11, 37
List the prime factors of 1927.
41, 47
What are the prime factors of 18664?
2, 2333
What are the prime factors of 15949?
41, 389
List the prime factors of 53.
53
List the prime factors of 955.
5, 191
What are the prime factors of 17517?
3, 5839
What are the prime factors of 1002?
2, 3, 167
What are the prime factors of 999?
3, 37
List the prime factors of 35410.
2, 5, 3541
List the prime factors of 13794.
2, 3, 11, 19
What are the prime factors of 3088?
2, 193
List the prime factors of 34967.
73, 479
What are the prime factors of 1346?
2, 673
List the prime factors of 5653.
5653
List the prime factors of 5392.
2, 337
What are the prime factors of 72776?
2, 11, 827
List the prime factors of 63504.
2, 3, 7
What are the prime factors of 198345?
3, 5, 7, 1889
What are the prime factors of 60319?
7, 1231
What are the prime factors of 3192?
2, 3, 7, 19
List the prime factors of 38510.
2, 5, 3851
List the prime factors of 2033.
19, 107
What are the prime factors of 9092?
2, 2273
What are the prime factors of 1422?
2, 3, 79
List the prime factors of 44154.
2, 3, 11, 223
List the prime factors of 1104.
2, 3, 23
List the prime factors of 36553.
11, 3323
What are the prime factors of 132798?
2, 3, 22133
What are the prime factors of 6392?
2, 17, 47
List the prime factors of 71400.
2, 3, 5, 7, 17
What are the prime factors of 689?
13, 53
List the prime factors of 453.
3, 151
What are the prime factors of 881?
881
List the prime factors of 3695.
5, 739
List the prime factors of 345.
3, 5, 23
List the prime factors of 10246.
2, 47, 109
What are the prime factors of 174?
2, 3, 29
What are the prime factors of 5746?
2, 13, 17
List the prime factors of 83854.
2, 41927
What are the prime factors of 8132?
2, 19, 107
What are the prime factors of 2756?
2, 13, 53
List the prime factors of 29692.
2, 13, 571
What are the prime factors of 212?
2, 53
What are the prime factors of 3864?
2, 3, 7, 23
List the prime factors of 11454.
2, 3, 23, 83
What are the prime factors of 62?
2, 31
What are the prime factors of 4029?
3, 17, 79
List the prime factors of 2213.
2213
List the prime factors of 93184.
2, 7, 13
List the prime factors of 1461.
3, 487
List the prime factors of 2853.
3, 317
List the prime factors of 13731.
3, 23, 199
What are the prime factors of 3910?
2, 5, 17, 23
What are the prime factors of 7678?
2, 11, 349
What are the prime factors of 4346?
2, 41, 53
What are the prime factors of 1048?
2, 131
List the prime factors of 1105.
5, 13, 17
What are the prime factors of 1570?
2, 5, 157
List the prime factors of 126626.
2, 63313
What are the prime factors of 1772?
2, 443
What are the prime factors of 3523?
13, 271
What are the prime factors of 10395?
3, 5, 7, 11
What are the prime factors of 418?
2, 11, 19
List the prime factors of 5723.
59, 97
List the prime factors of 275.
5, 11
What are the prime factors of 7261?
53, 137
What are the prime factors of 16324?
2, 7, 11, 53
What are the prime factors of 130?
2, 5, 13
List the prime factors of 85235.
5, 17047
List the prime factors of 3489.
3, 1163
List the prime factors of 153684.
2, 3, 1423
List the prime factors of 2561.
13, 197
What are the prime factors of 85588?
2, 21397
List the prime factors of 22208.
2, 347
What are the prime factors of 6895?
5, 7, 197
What are the prime factors of 2192?
2, 137
What are the prime factors of 828?
2, 3, 23
What are the prime factors of 14519?
14519
List the prime factors of 7727.
7727
What are the prime factors of 23352?
2, 3, 7, 139
What are the prime factors of 40989?
3, 13, 1051
What are the prime factors of 3766?
2, 7, 269
List the prime factors of 19633.
29, 677
List the prime factors of 6432.
2, 3, 67
What are the prime factors of 2505?
3, 5, 167
What are the prime factors of 95315?
5, 11, 1733
List the prime factors of 58564.
2, 11
List the prime factors of 64.
2
List the prime factors of 60086.
2, 13, 2311
What are the prime factors of 27881?
7, 569
What are the prime factors of 4111?
4111
What are the prime factors of 8507?
47, 181
What are the prime factors of 54053?
191, 283
What are the prime factors of 2118?
2, 3, 353
What are the prime factors of 21412?
2, 53, 101
What are the prime factors of 607?
607
What are the prime factors of 927?
3, 103
What are the prime factors of 9742?
2, 4871
List the prime factors of 2158.
2, 13, 83
What are the prime factors of 17535?
3, 5, 7, 167
What are the prime factors of 2695?
5, 7, 11
What are the prime factors of 76942?
2, 17, 31, 73
List the prime factors of 194904.
2, 3, 2707
What are the prime factors of 739?
739
List the prime factors of 1822.
2, 911
What are the prime factors of 35658?
2, 3, 7, 283
List the prime factors of 57.
3, 19
What are the prime factors of 86?
2, 43
List the prime factors of 2678.
2, 13, 103
What are the prime factors of 858?
2, 3, 11, 13
What are the prime factors of 8427?
3, 53
What are the prime factors of 562?
2, 281
What are the prime factors of 6015?
3, 5, 401
List the prime factors of 574.
2, 7, 41
List the prime factors of 38.
2, 19
What are the prime factors of 228?
2, 3, 19
What are the prime factors of 49263?
3, 16421
What are the prime factors of 260?
2, 5, 13
List the prime factors of 75201.
3, 7, 3581
List the prime factors of 336.
2, 3, 7
What are the prime factors of 17385?
3, 5, 19, 61
What are the prime factors of 95372?
2, 113, 211
List the prime factors of 14033.
14033
What are the prime factors of 1229?
1229
List the prime factors of 1511.
1511
List the prime factors of 2426.
2, 1213
What are the prime factors of 48028?
2, 12007
What are the prime factors of 7389?
3, 821
List the prime factors of 12875.
5, 103
What are the prime factors of 1984?
2, 31
What are the prime factors of 260?
2, 5, 13
List the prime factors of 65504.
2, 23, 89
What are the prime factors of 76?
2, 19
What are the prime factors of 607?
607
List the prime factors of 3257.
3257
List the prime factors of 59.
59
What are the prime factors of 21254?
2, 10627
What are the prime factors of 4375?
5, 7
What are the prime factors of 3259?
3259
What are the prime factors of 15059?
11, 37
What are the prime factors of 5089?
7, 727
What are the prime factors of 5621?
7, 11, 73
List the prime factors of 9959.
23, 433
What are the prime factors of 26409?
3, 8803
List the prime factors of 25909.
13, 1993
What are the prime factors of 83315?
5, 19, 877
What are the prime factors of 1866?
2, 3, 311
What are the prime factors of 127?
127
List the prime factors of 20834.
2, 11, 947
List the prime factors of 1702.
2, 23, 37
What are the prime factors of 39512?
2, 11, 449
What are the prime factors of 7217?
7, 1031
What are the prime factors of 7899?
3, 2633
What are the prime factors of 2?
2
List the prime factors of 2157.
3, 719
List the prime factors of 18654.
2, 3, 3109
List the prime factors of 7354.
2, 3677
What are the prime factors of 18161?
11, 13, 127
What are the prime factors of 272?
2, 17
List the prime factors of 6935.
5, 19, 73
List the prime factors of 1624.
2, 7, 29
List the prime factors of 365.
5, 73
What are the prime factors of 2688?
2, 3, 7
List the prime factors of 28512.
2, 3, 11
List the prime factors of 972.
2, 3
What are the prime factors of 4422?
2, 3, 11, 67
List the prime factors of 1193.
1193
What are the prime factors of 14860?
2, 5, 743
What are the prime factors of 41353?
13, 3181
List the prime factors of 38854.
2, 19427
What are t